 1289 a multiple of 7?
False
Does 16 divide 37777?
False
Does 29 divide 4321?
True
Does 41 divide 6109?
True
Is 7052 a multiple of 41?
True
Does 4 divide 388?
True
Is 833 a multiple of 49?
True
Is 21191 a multiple of 26?
False
Is 4473 a multiple of 10?
False
Is 14972 a multiple of 94?
False
Is 397 a factor of 54933?
False
Does 86 divide 59340?
True
Is 70 a factor of 9335?
False
Is 25 a factor of 56427?
False
Is 5426 a multiple of 62?
False
Is 3 a factor of 3316?
False
Is 33 a factor of 1650?
True
Is 16 a factor of 15584?
True
Does 123 divide 3589?
False
Does 59 divide 59?
True
Is 5037 a multiple of 23?
True
Is 1890 a multiple of 54?
True
Is 74 a factor of 40182?
True
Is 12 a factor of 858?
False
Is 161 a factor of 28479?
False
Is 47 a factor of 12455?
True
Does 13 divide 754?
True
Does 22 divide 1487?
False
Is 16 a factor of 3585?
False
Does 12 divide 300?
True
Is 22 a factor of 1210?
True
Does 6 divide 74263?
False
Does 21 divide 4494?
True
Is 15120 a multiple of 35?
True
Is 3562 a multiple of 137?
True
Is 28 a factor of 5946?
False
Is 12 a factor of 192?
True
Is 2568 a multiple of 24?
True
Does 122 divide 4148?
True
Is 1812 a multiple of 16?
False
Is 33 a factor of 1551?
True
Does 41 divide 3247?
False
Is 468 a multiple of 78?
True
Is 13 a factor of 10915?
False
Is 19691 a multiple of 61?
False
Is 1983 a multiple of 3?
True
Is 172 a multiple of 4?
True
Is 16 a factor of 36586?
False
Is 13929 a multiple of 144?
False
Does 208 divide 5616?
True
Does 165 divide 33591?
False
Is 48003 a multiple of 116?
False
Is 43549 a multiple of 37?
True
Does 14 divide 13454?
True
Is 15 a factor of 11349?
False
Is 784 a multiple of 49?
True
Is 411 a multiple of 8?
False
Does 105 divide 525?
True
Is 16 a factor of 41?
False
Does 36 divide 18278?
False
Is 6822 a multiple of 9?
True
Is 174 a multiple of 13?
False
Is 1462 a multiple of 43?
True
Is 665 a multiple of 25?
False
Is 23 a factor of 6969?
True
Does 12 divide 120?
True
Does 11 divide 1846?
False
Does 339 divide 107463?
True
Does 102 divide 6732?
True
Is 10099 a multiple of 54?
False
Is 7 a factor of 1057?
True
Is 20 a factor of 352?
False
Is 59 a factor of 11269?
True
Is 13 a factor of 405?
False
Does 3 divide 181?
False
Does 168 divide 7914?
False
Is 28 a multiple of 14?
True
Does 210 divide 58590?
True
Is 875 a multiple of 25?
True
Does 7 divide 1155?
True
Does 149 divide 3541?
False
Does 27 divide 10179?
True
Does 3 divide 1497?
True
Is 789 a multiple of 29?
False
Is 1040 a multiple of 52?
True
Is 8 a factor of 457?
False
Does 100 divide 2865?
False
Is 22 a factor of 26906?
True
Is 3080 a multiple of 10?
True
Is 98 a factor of 17337?
False
Does 16 divide 32?
True
Is 660 a multiple of 44?
True
Does 20 divide 2808?
False
Is 2703 a multiple of 13?
False
Is 43 a factor of 99569?
False
Does 44 divide 2772?
True
Does 92 divide 10872?
False
Does 22 divide 11833?
False
Does 6 divide 6312?
True
Does 370 divide 52540?
True
Is 1775 a multiple of 69?
False
Is 11900 a multiple of 238?
True
Is 280 a multiple of 40?
True
Does 54 divide 458?
False
Is 4600 a multiple of 5?
True
Does 13 divide 2890?
False
Does 14 divide 420?
True
Does 95 divide 465?
False
Does 49 divide 1862?
True
Is 23 a factor of 1679?
True
Is 25 a factor of 20325?
True
Is 110 a factor of 2971?
False
Is 32 a factor of 731?
False
Is 41 a factor of 4223?
True
Does 62 divide 2356?
True
Does 46 divide 552?
True
Does 58 divide 2558?
False
Does 11 divide 56588?
False
Is 56 a factor of 1778?
False
Is 4760 a multiple of 14?
True
Does 7 divide 41090?
True
Does 11 divide 1709?
False
Is 85 a factor of 20064?
False
Does 23 divide 289?
False
Is 55 a factor of 685?
False
Does 61 divide 8601?
True
Is 18549 a multiple of 27?
True
Does 4 divide 2020?
True
Is 10710 a multiple of 42?
True
Is 31 a factor of 4154?
True
Does 63 divide 365?
False
Does 18 divide 1030?
False
Is 3 a factor of 125?
False
Does 4 divide 2594?
False
Does 36 divide 65049?
False
Does 19 divide 21152?
False
Is 7515 a multiple of 10?
False
Is 1430 a multiple of 16?
False
Does 31 divide 1814?
False
Does 78 divide 2405?
False
Is 365 a factor of 13227?
False
Does 44 divide 1014?
False
Is 2 a factor of 107?
False
Does 42 divide 1932?
True
Is 14 a factor of 393?
False
Is 79 a factor of 31284?
True
Is 77 a factor of 25492?
False
Is 9 a factor of 891?
True
Is 804 a multiple of 12?
True
Is 20 a factor of 5420?
True
Is 189 a multiple of 2?
False
Is 10 a factor of 20?
True
Is 1450 a multiple of 50?
True
Does 52 divide 6557?
False
Is 15 a factor of 29235?
True
Is 26 a factor of 6855?
False
Is 61 a factor of 976?
True
Is 3455 a multiple of 14?
False
Is 934 a multiple of 60?
False
Is 28 a factor of 644?
True
Is 334 a multiple of 150?
False
Is 880 a multiple of 11?
True
Does 2 divide 3258?
True
Does 107 divide 2675?
True
Is 59900 a multiple of 10?
True
Is 47 a factor of 19834?
True
Does 37 divide 72193?
False
Does 35 divide 3148?
False
Is 19 a factor of 86?
False
Does 24 divide 3504?
True
Does 30 divide 34021?
False
Is 1080 a multiple of 30?
True
Is 105 a multiple of 15?
True
Is 210 a multiple of 10?
True
Is 9204 a multiple of 24?
False
Is 2590 a multiple of 21?
False
Is 48804 a multiple of 23?
False
Is 26 a factor of 158924?
False
Is 1555 a multiple of 70?
False
Is 311 a multiple of 20?
False
Is 4 a factor of 414?
False
Is 97 a factor of 12138?
False
Is 2936 a multiple of 14?
False
Is 59386 a multiple of 12?
False
Is 10 a factor of 672?
False
Is 5802 a multiple of 96?
False
Is 22010 a multiple of 62?
True
Is 139 a factor of 41561?
True
Does 54 divide 1134?
True
Is 129 a factor of 7835?
False
Is 6882 a multiple of 74?
True
Is 279 a multiple of 19?
False
Is 5000 a multiple of 100?
True
Does 108 divide 4968?
True
Is 26730 a multiple of 18?
True
Is 98 a factor of 2067?
False
Is 1502 a multiple of 43?
False
Is 4 a factor of 1380?
True
Is 91 a factor of 137?
False
Is 3024 a multiple of 63?
True
Is 590 a multiple of 59?
True
Does 42 divide 6804?
True
Is 4 a factor of 8050?
False
Does 6 divide 30?
True
Does 134 divide 3082?
True
Is 1345 a multiple of 12?
False
Is 2520 a multiple of 63?
True
Is 8145 a multiple of 93?
False
Does 20 divide 31321?
False
Is 44 a factor of 1804?
True
Is 46965 a multiple of 303?
True
Is 480 a multiple of 60?
True
Does 13 divide 554?
False
Is 10 a factor of 170?
True
Is 6641 a multiple of 105?
False
Is 45 a factor of 3998?
False
Is 55 even?
False
Is 656 a multiple of 15?
False
Is 20 a factor of 61100?
True
Is 7 a factor of 3238?
False
Is 81 a factor of 8748?
True
Is 59 a factor of 15517?
True
Is 11 a factor of 8410?
False
Is 42112 a multiple of 43?
False
Is 43250 a multiple of 125?
True
Is 202 a multiple of 9?
False
Does 33 divide 1328?
False
Is 63 a multiple of 9?
True
Is 138 a multiple of 11?
False
Is 230 a multiple of 5?
True
Is 66 a factor of 1914?
True
Does 20 divide 1297?
False
Is 436 a multiple of 3?
False
Is 154 a factor of 5718?
False
Is 16 a factor of 74?
False
Is 85720 a multiple of 10?
True
Is 11 a factor of 66?
True
Is 2124 a multiple of 9?
True
Is 14358 a multiple of 8?
False
Is 115 a multiple of 23?
True
Is 318 a multiple of 7?
False
Is 672 a multiple of 8?
True
Is 34133 a multiple of 13?
False
Is 29348 a multiple of 29?
True
Is 484 a multiple of 22?
True
Is 10105 a multiple of 47?
True
Does 21 divide 26732?
False
Does 278 divide 556?
True
Is 17 a factor of 2284?
False
Is 217 a factor of 8202?
False
Does 79 divide 1775?
False
Is 42 a factor of 24276?
True
Is 336 a multiple of 4?
True
Does 127 divide 8124?
False
Is 21 a factor of 262?
False
Is 3306 a multiple of 57?
True
Does 13 divide 53599?
True
Does 45 divide 82886?
False
Is 64804 a multiple of 72?
False
Is 148 a multiple of 37?
True
Is 2562 a multiple of 38?
False
Does 4 divide 1960?
True
Does 130 divide 48489?
False
Does 46 divide 276?
True
Is 2585 a multiple of 55?
True
Does 13 divide 2158?
True
Does 15 divide 255?
True
Is 27 even?
False
Does 23 divide 1587?
True
Is 96 a factor of 7104?
True
Does 6 divide 1686?
True
Is 40398 a multiple of 18?
False
Does 14 divide 4354?
True
Is 39 a multiple of 5?
False
Does 6 divide 59?
False
Does 46 divide 1426?
True
Is 1716 a multiple of 66?
True
Does 18 divide 101?
False
Is 954 a multiple of 30?
False
Is 59 a factor of 36403?
True
Is 20 a factor of 17280?
True
Is 51 a factor of 44982?
